at is the thousands digit of 123727326?
7
What is the thousands digit of 797262081?
2
What is the hundred millions digit of 530449064?
5
What is the thousands digit of 14944584?
4
What is the ten millions digit of 324022673?
2
What is the millions digit of 131469003?
1
What is the hundred millions digit of 868699884?
8
What is the millions digit of 1078213078?
8
What is the tens digit of 3945230491?
9
What is the hundreds digit of 1736195890?
8
What is the hundred thousands digit of 75128467?
1
What is the hundred thousands digit of 46526890?
5
What is the ten thousands digit of 578192133?
9
What is the units digit of 928990130?
0
What is the hundreds digit of 965775001?
0
What is the hundred millions digit of 1586899218?
5
What is the ten millions digit of 3371134104?
7
What is the ten thousands digit of 6527217012?
1
What is the thousands digit of 24077838?
7
What is the units digit of 78869324?
4
What is the ten millions digit of 339982048?
3
What is the ten millions digit of 321685349?
2
What is the ten millions digit of 52585789?
5
What is the tens digit of 125340418?
1
What is the hundred thousands digit of 41387803?
3
What is the billions digit of 1528571046?
1
What is the tens digit of 12100958?
5
What is the billions digit of 4470340515?
4
What is the ten millions digit of 2057786050?
5
What is the thousands digit of 531308650?
8
What is the hundreds digit of 1081264679?
6
What is the ten thousands digit of 85706138?
0
What is the units digit of 7902357470?
0
What is the units digit of 417120266?
6
What is the hundred thousands digit of 126154165?
1
What is the tens digit of 1344909568?
6
What is the hundreds digit of 156087272?
2
What is the thousands digit of 11195569?
5
What is the ten thousands digit of 46118474?
1
What is the ten thousands digit of 7977527671?
2
What is the thousands digit of 869467398?
7
What is the ten thousands digit of 31266343?
6
What is the hundred thousands digit of 726746472?
7
What is the units digit of 433269357?
7
What is the units digit of 86536275?
5
What is the hundred millions digit of 614416904?
6
What is the ten millions digit of 6381658904?
8
What is the tens digit of 51022683?
8
What is the thousands digit of 213048824?
8
What is the hundred millions digit of 4591694227?
5
What is the millions digit of 535220052?
5
What is the hundred thousands digit of 12543559?
5
What is the ten thousands digit of 51095160?
9
What is the hundreds digit of 2318697082?
0
What is the units digit of 687638670?
0
What is the tens digit of 141261218?
1
What is the hundred thousands digit of 125323886?
3
What is the hundred millions digit of 120532159?
1
What is the ten millions digit of 62924126?
6
What is the thousands digit of 494509815?
9
What is the millions digit of 198199421?
8
What is the units digit of 7199445?
5
What is the millions digit of 143818025?
3
What is the tens digit of 539173164?
6
What is the thousands digit of 16960250?
0
What is the hundred millions digit of 2034005750?
0
What is the hundred thousands digit of 2613011871?
0
What is the hundred millions digit of 1174729735?
1
What is the tens digit of 1219818982?
8
What is the ten thousands digit of 225437?
2
What is the hundred millions digit of 516379506?
5
What is the millions digit of 3395964582?
5
What is the hundreds digit of 314008943?
9
What is the units digit of 23893408?
8
What is the hundred millions digit of 612881410?
6
What is the hundreds digit of 301043378?
3
What is the millions digit of 98835938?
8
What is the hundreds digit of 36348810?
8
What is the millions digit of 160305054?
0
What is the tens digit of 1463331762?
6
What is the billions digit of 1620725605?
1
What is the millions digit of 2552225453?
2
What is the ten millions digit of 13322090?
1
What is the units digit of 57749512?
2
What is the hundred thousands digit of 62445428?
4
What is the ten millions digit of 3880397457?
8
What is the hundreds digit of 4070980554?
5
What is the ten thousands digit of 1676724326?
2
What is the tens digit of 2722698327?
2
What is the units digit of 163554038?
8
What is the ten thousands digit of 21137734?
3
What is the millions digit of 30949832?
0
What is the thousands digit of 1513806517?
6
What is the units digit of 3412196303?
3
What is the millions digit of 305960486?
5
What is the ten millions digit of 1154577868?
5
What is the hundred thousands digit of 175950879?
9
What is the millions digit of 20784520?
0
What is the ten thousands digit of 534377021?
7
What is the millions digit of 96654374?
6
What is the hundred thousands digit of 2634628149?
6
What is the hundreds digit of 408063223?
2
What is the ten thousands digit of 67742182?
4
What is the hundreds digit of 18947805?
8
What is the hundred thousands digit of 1803187437?
1
What is the units digit of 2370591064?
4
What is the ten millions digit of 257363032?
5
What is the ten thousands digit of 32197393?
9
What is the tens digit of 412394599?
9
What is the ten thousands digit of 341381394?
8
What is the millions digit of 3953919609?
3
What is the ten thousands digit of 48921087?
2
What is the hundred millions digit of 1723922309?
7
What is the tens digit of 14689773?
7
What is the hundred thousands digit of 740111292?
1
What is the tens digit of 1303274005?
0
What is the units digit of 7557048?
8
What is the thousands digit of 6783416763?
6
What is the billions digit of 6383490325?
6
What is the units digit of 4133484629?
9
What is the units digit of 129824025?
5
What is the hundred millions digit of 1686682875?
6
What is the hundred thousands digit of 88407413?
4
What is the billions digit of 4528790365?
4
What is the hundreds digit of 41820082?
0
What is the ten thousands digit of 1749610875?
1
What is the hundred millions digit of 1232836490?
2
What is the tens digit of 49455318?
1
What is the ten millions digit of 55850423?
5
What is the ten millions digit of 681578921?
8
What is the hundred thousands digit of 645715187?
7
What is the millions digit of 142122978?
2
What is the ten thousands digit of 14356972?
5
What is the units digit of 22734223?
3
What is the tens digit of 1062698375?
7
What is the thousands digit of 206801125?
1
What is the hundreds digit of 439317008?
0
What is the ten thousands digit of 5661133?
6
What is the hundreds digit of 1545228744?
7
What is the hundred thousands digit of 285034330?
0
What is the units digit of 1469032941?
1
What is the tens digit of 352093473?
7
What is the millions digit of 39181706?
9
What is the ten millions digit of 3636748542?
3
What is the ten thousands digit of 130089884?
8
What is the millions digit of 318146608?
8
What is the millions digit of 83454674?
3
What is the tens digit of 540684635?
3
What is the hundred thousands digit of 169461122?
4
What is the hundred millions digit of 3176447080?
1
What is the hundred thousands digit of 4565857247?
8
What is the hundreds digit of 152773338?
3
What is the billions digit of 6816460690?
6
What is the hundreds digit of 48403578?
5
What is the units digit of 174917111?
1
What is the hundred millions digit of 949055003?
9
What is the millions digit of 62309615?
2
What is the hundreds digit of 44385577?
5
What is the ten millions digit of 12309403?
1
What is the ten thousands digit of 157689097?
8
What is the thousands digit of 2628798010?
8
What is the ten millions digit of 30070984?
3
What is the billions digit of 1775317161?
1
What is the hundred thousands digit of 111840452?
8
What is the hundred millions digit of 2098176188?
0
What is the units digit of 41469960?
0
What is the hundred millions digit of 3662522350?
6
What is the tens digit of 72869196?
9
What is the hundred thousands digit of 263892236?
8
What is the tens digit of 6261266532?
3
What is the millions digit of 927557263?
7
What is the ten millions digit of 18107189?
1
What is the ten thousands digit of 49589226?
8
What is the hundred thousands digit of 1840604488?
6
What is the ten thousands digit of 502279470?
7
What is the billions digit of 2153362626?
2
What is the tens digit of 16344617?
1
What is the ten millions digit of 302470852?
0
What is the billions digit of 1128845404?
1
What is the thousands digit of 493546537?
6
What is the hundred thousands digit of 108272572?
2
What is the tens di